{"id":196,"date":"2016-05-25T08:41:55","date_gmt":"2016-05-25T08:41:55","guid":{"rendered":"http:\/\/www.fizyka.umk.pl\/~erihs\/?page_id=196"},"modified":"2026-02-21T12:41:40","modified_gmt":"2026-02-21T12:41:40","slug":"mikroskop-uv","status":"publish","type":"page","link":"https:\/\/www.e-rihs.pl\/index.php\/mikroskop-uv\/","title":{"rendered":"Mikroskopia UV"},"content":{"rendered":"<p style=\"text-align: justify;\"><strong>Dysponent<\/strong>: Muzeum Narodowe w Krakowie &#8211; LANBOZ; UMK<\/p>\n<p style=\"text-align: justify;\"><strong>Kontakt:<\/strong>\u00a0<a href=\"mailto:jdelhoyo@mnk.pl\">dr Julio del Hoyo Mel\u00e9ndez\u00a0<img decoding=\"async\" loading=\"lazy\" src=\"https:\/\/fizyka.umk.pl\/~erihs\/wp-content\/uploads\/2016\/05\/koperta.gif\" alt=\"koperta\" width=\"14\" height=\"16\" \/><\/a>\u00a0<a href=\"mailto:magiwani@gmail.com\">; dr hab. Magdalena Iwanicka, prof. UMK <img decoding=\"async\" loading=\"lazy\" src=\"https:\/\/fizyka.umk.pl\/~erihs\/wp-content\/uploads\/2016\/05\/koperta.gif\" alt=\"koperta\" width=\"14\" height=\"16\" \/><\/a><\/p>\n<h2 style=\"text-align: justify;\">Opis metody<\/h2>\n<p style=\"text-align: justify;\">Mikroskopia optyczna pozwala na obserwacje w powi\u0119kszeniu r\u00f3\u017cnego typu powierzchni. Mikroskop uzupe\u0142niony o modu\u0142 polaryzacyjny i fluorescencyjny jest pot\u0119\u017cnym i uniwersalnym narz\u0119dziem do wszechstronnej analizy pr\u00f3bek. Dost\u0119pne urz\u0105dzenie \u0142\u0105czy w sobie mo\u017cliwo\u015bci mikroskopii optycznej, mikroskopii polaryzacyjnej oraz mikroskopii fluorescencyjnej. Mo\u017ce pracowa\u0107 zar\u00f3wno w trybie odbiciowym\u00a0 jak i transmisyjnym.<\/p>\n<ul style=\"text-align: justify;\">\n<li>Obserwacje w \u015bwietle widzialnym odbitym pozwalaj\u0105 na standardowe obrazowanie powierzchni pr\u00f3bki, przy r\u00f3\u017cnych powi\u0119kszeniach.<\/li>\n<li>Zastosowanie \u015bwiat\u0142a UV umo\u017cliwia wyr\u00f3\u017cnienie i identyfikacj\u0119 materia\u0142\u00f3w wykazuj\u0105cych w\u0142a\u015bciwo\u015bci fluorescencyjne, tj. \u015bwiec\u0105cych pod wp\u0142ywem niewidocznego ludzkim okiem promieniowania UV. Takie w\u0142a\u015bciwo\u015bci wykazuj\u0105 zazwyczaj materia\u0142y organiczne.<\/li>\n<li>Obserwacje w trybie transmisyjnym uwidaczniaj\u0105 struktur\u0119 wewn\u0119trzn\u0105 materia\u0142\u00f3w przepuszczaj\u0105cych \u015bwiat\u0142o.<\/li>\n<li>Praca w trybie polaryzacyjnym, czyli przy zastosowaniu dw\u00f3ch skrzy\u017cowanych polaryzator\u00f3w, pozwala na wykrycie materia\u0142\u00f3w dw\u00f3j\u0142omnych, tj. skr\u0119caj\u0105cych p\u0142aszczyzn\u0119 polaryzacji. S\u0105 to materia\u0142y, kt\u00f3re charakteryzuj\u0105 si\u0119 specyficzn\u0105, anizotropow\u0105 budow\u0105 wewn\u0119trzn\u0105, takie jak w\u0142\u00f3kna czy niekt\u00f3re kryszta\u0142y.<\/li>\n<\/ul>\n<p style=\"text-align: justify;\">Dzi\u0119ki po\u0142\u0105czeniu kilku tryb\u00f3w pracy, mo\u017cliwa jest analiza r\u00f3\u017cnych optycznych w\u0142a\u015bciwo\u015bci materia\u0142\u00f3w, co w wielu przypadkach wystarcza do ich identyfikacji.<\/p>\n<h2 style=\"text-align: justify;\">Zastosowanie<\/h2>\n<p style=\"text-align: justify;\">Mikroskopia jest podstawow\u0105 metod\u0105 do analizy powierzchni materia\u0142\u00f3w i ich stanu zachowania. Jest tak\u017ce stosowana tam, gdzie optyczne w\u0142a\u015bciwo\u015bci materia\u0142u pozwalaj\u0105 na jego identyfikacj\u0119. Popularne zastosowania to:<\/p>\n<ul style=\"text-align: justify;\">\n<li>Obserwacje powierzchni obiekt\u00f3w wytworzonych m.in. z: drewna, szk\u0142a, papieru, pergaminu, sk\u00f3ry, metalu, ceramiki, tworzyw sztucznych, tkanin, fotografii.<\/li>\n<li>Analiza stratygraficzna (tj. analiza warstwowej budowy) dzie\u0142a sztuki, np. obraz\u00f3w, rze\u017ab polichromowanych, ceramiki.<\/li>\n<li>Analiza struktury materia\u0142\u00f3w krystalicznych, np. pigment\u00f3w.<\/li>\n<li>Obrazowanie mikroskopem optycznym stanowi punkt wyj\u015bcia do analiz innymi metodami, np. mikroskopi\u0105 SEM.<\/li>\n<\/ul>\n<p style=\"text-align: justify;\">Powy\u017csze zastosowania s\u0105 przyk\u0142adami, kt\u00f3re nie wyczerpuj\u0105 wszechstronnych mo\u017cliwo\u015bci mikroskopii optycznej, dlatego proponujemy badania w ramach wsp\u00f3\u0142pracy naukowej.<\/p>\n<h2 style=\"text-align: justify;\">Instrument<\/h2>\n<div id=\"attachment_203\" style=\"width: 272px\" class=\"wp-caption aligncenter\"><img aria-describedby=\"caption-attachment-203\" decoding=\"async\" loading=\"lazy\" class=\"wp-image-203 size-full\" src=\"https:\/\/fizyka.umk.pl\/~erihs\/nowaStrona\/wp-content\/uploads\/2016\/05\/mirkoskopUV1.png\" alt=\"mirkoskopUV1\" width=\"262\" height=\"373\" srcset=\"https:\/\/www.e-rihs.pl\/wp-content\/uploads\/2016\/05\/mirkoskopUV1.png 262w, https:\/\/www.e-rihs.pl\/wp-content\/uploads\/2016\/05\/mirkoskopUV1-211x300.png 211w\" sizes=\"(max-width: 262px) 100vw, 262px\" \/><p id=\"caption-attachment-203\" class=\"wp-caption-text\">Rys. 1. Mikroskop firmy Zeiss, model Axio Imager.A2<\/p><\/div>\n<p style=\"text-align: justify;\">Dost\u0119pne urz\u0105dzenie to mikroskop firmy Zeiss, model Axio Imager.A2 wyposa\u017cony w kamer\u0119 Zeiss MRc5. Mo\u017ce pracowa\u0107 w czterech podstawowych trybach:<\/p>\n<ol style=\"text-align: justify;\">\n<li>W \u015bwietle widzialnym odbitym \u2013 pr\u00f3bka jest o\u015bwietlona od g\u00f3ry za pomoc\u0105 lampy halogenowej (Zeiss HAL 100, temperatura barwowa ok. 3200 K).<\/li>\n<li>W \u015bwietle UV odbitym (obserwacje fluorescencji) &#8211; pr\u00f3bka jest o\u015bwietlona od g\u00f3ry za pomoc\u0105 lampy rt\u0119ciowej (Zeiss HBO 100). Widmo lampy jest ograniczone za pomoc\u0105 filtra spektralnego do zakresu 359-371 nm.<\/li>\n<li>Transmisja w jasnym polu \u2013 pr\u00f3bka jest o\u015bwietlana od spodu (o\u015bwietlacz LED, temperatura barwowa ok. 5500 K).<\/li>\n<li>Tryb transmisyjny polaryzacyjny &#8211; pr\u00f3bka jest o\u015bwietlana od spodu \u015bwiat\u0142em z o\u015bwietlacza LED, spolaryzowanym za pomoc\u0105 polaryzatora. Pomi\u0119dzy pr\u00f3bk\u0105 a obiektywem znajduje si\u0119 kolejny polaryzator (analizator). Kierunki polaryzator\u00f3w s\u0105 skrzy\u017cowane.<\/li>\n<\/ol>\n<p style=\"text-align: justify;\">Powi\u0119kszenie na okularze: 10x. Mikroskop jest wyposa\u017cony w 5 wymiennych obiektyw\u00f3w:<\/p>\n<ul style=\"text-align: justify;\">\n<li>EC Plan -NEOFLUAR 2,5x \u2013 powi\u0119kszenie 25x<\/li>\n<li>EC Plan NEOFLUAR 10x \u2013 powi\u0119kszenie 100x<\/li>\n<li>EC Plan NEOFLUAR 20x \u2013 powi\u0119kszenie 200x<\/li>\n<li>A-Plan 40x \u2013 powi\u0119kszenie 400x<\/li>\n<li>EC Plan NEOFLUAR 40x \u2013 powi\u0119kszenie 400x<\/li>\n<\/ul>\n<h2 style=\"text-align: justify;\">Warunki badania<\/h2>\n<p style=\"text-align: justify;\">Badania przeprowadzane s\u0105 w laboratorium. Mo\u017cliwe jest badanie niewielkich obiekt\u00f3w, o wysoko\u015bci nie wi\u0119kszej ni\u017c 20 mm. W przypadku wi\u0119kszych obiekt\u00f3w badanie wymaga pobrania pr\u00f3bki. Badanie jest nieinwazyjne, a pr\u00f3bka nie ulega zniszczeniu.<\/p>\n<h2 style=\"text-align: justify;\">Format wynik\u00f3w pomiar\u00f3w<\/h2>\n<p style=\"text-align: justify;\">Proponujemy badania w ramach wsp\u00f3\u0142pracy naukowej, dlatego format wynik\u00f3w jest do uzgodnienia. Standardowo wyniki dostarczone s\u0105 w postaci fotografii z zaznaczon\u0105 skal\u0105, informacj\u0105 o u\u017cytym powi\u0119kszeniu i trybie pracy. Pliki mog\u0105 by\u0107 zapisane w typowych formatach graficznych (.bmp, .jpg, .tiff, .png, .gif) lub w formacie .czi, dedykowanym do analizy obraz\u00f3w w oprogramowaniu ZEN firmy Zeiss.<\/p>\n<p style=\"text-align: justify;\">Poni\u017cej przedstawiono przyk\u0142adowe zdj\u0119cia wykonane mikroskopem Zeiss AxioImager.A2.<\/p>\n<div id=\"attachment_204\" style=\"width: 403px\" class=\"wp-caption aligncenter\"><img aria-describedby=\"caption-attachment-204\" decoding=\"async\" loading=\"lazy\" class=\"wp-image-204 size-full\" src=\"https:\/\/fizyka.umk.pl\/~erihs\/nowaStrona\/wp-content\/uploads\/2016\/05\/mirkoskopUV2.png\" alt=\"mirkoskopUV2\" width=\"393\" height=\"213\" srcset=\"https:\/\/www.e-rihs.pl\/wp-content\/uploads\/2016\/05\/mirkoskopUV2.png 393w, https:\/\/www.e-rihs.pl\/wp-content\/uploads\/2016\/05\/mirkoskopUV2-300x163.png 300w\" sizes=\"(max-width: 393px) 100vw, 393px\" \/><p id=\"caption-attachment-204\" class=\"wp-caption-text\">Rys. 2. Przekr\u00f3j poprzeczny przez pr\u00f3bk\u0119 pobran\u0105 z obrazu, z widocznymi warstwami malarskimi, obserwacje prowadzone w \u015bwietle widzialnym (lewa) i UV \u2013 tryb fluorescencyjny (prawa). Powi\u0119kszenie 200x<\/p><\/div>\n<div id=\"attachment_205\" style=\"width: 380px\" class=\"wp-caption aligncenter\"><img aria-describedby=\"caption-attachment-205\" decoding=\"async\" loading=\"lazy\" class=\"wp-image-205 size-full\" src=\"https:\/\/fizyka.umk.pl\/~erihs\/nowaStrona\/wp-content\/uploads\/2016\/05\/mirkoskopUV3.png\" alt=\"mirkoskopUV3\" width=\"370\" height=\"278\" srcset=\"https:\/\/www.e-rihs.pl\/wp-content\/uploads\/2016\/05\/mirkoskopUV3.png 370w, https:\/\/www.e-rihs.pl\/wp-content\/uploads\/2016\/05\/mirkoskopUV3-300x225.png 300w\" sizes=\"(max-width: 370px) 100vw, 370px\" \/><p id=\"caption-attachment-205\" class=\"wp-caption-text\">Rys. 3. Przekr\u00f3j poprzeczny przez pr\u00f3bk\u0119 ceramiczn\u0105, obserwacja w \u015bwietle widzialnym odbitym. Powi\u0119kszenie 200x<\/p><\/div>\n<div id=\"attachment_202\" style=\"width: 656px\" class=\"wp-caption aligncenter\"><img aria-describedby=\"caption-attachment-202\" decoding=\"async\" loading=\"lazy\" class=\"wp-image-202 size-full\" src=\"https:\/\/fizyka.umk.pl\/~erihs\/nowaStrona\/wp-content\/uploads\/2016\/05\/mirkoskopUV4.png\" alt=\"mirkoskopUV4\" width=\"646\" height=\"227\" srcset=\"https:\/\/www.e-rihs.pl\/wp-content\/uploads\/2016\/05\/mirkoskopUV4.png 646w, https:\/\/www.e-rihs.pl\/wp-content\/uploads\/2016\/05\/mirkoskopUV4-300x105.png 300w\" sizes=\"(max-width: 646px) 100vw, 646px\" \/><p id=\"caption-attachment-202\" class=\"wp-caption-text\">Rys. 4. W\u0142\u00f3kno we\u0142niane, obserwowane w trybie transmisyjnym w jasnym polu (lewa) oraz pomi\u0119dzy skrzy\u017cowanymi polaryzatorami \u2013 tryb polaryzacyjny (prawa). Powi\u0119kszenie 100x<\/p><\/div>\n","protected":false},"excerpt":{"rendered":"<p>Dysponent: Muzeum Narodowe w Krakowie &#8211; LANBOZ; UMK Kontakt:\u00a0dr Julio del Hoyo Mel\u00e9ndez\u00a0\u00a0; dr hab. Magdalena Iwanicka, prof. UMK Opis metody Mikroskopia optyczna pozwala na obserwacje w powi\u0119kszeniu r\u00f3\u017cnego typu powierzchni. Mikroskop uzupe\u0142niony o modu\u0142 polaryzacyjny i fluorescencyjny jest pot\u0119\u017cnym &hellip; <a href=\"https:\/\/www.e-rihs.pl\/index.php\/mikroskop-uv\/\">Czytaj dalej <span class=\"meta-nav\">&rarr;<\/span><\/a><\/p>\n","protected":false},"author":1,"featured_media":0,"parent":0,"menu_order":0,"comment_status":"closed","ping_status":"closed","template":"","meta":[],"_links":{"self":[{"href":"https:\/\/www.e-rihs.pl\/index.php\/wp-json\/wp\/v2\/pages\/196"}],"collection":[{"href":"https:\/\/www.e-rihs.pl\/index.php\/wp-json\/wp\/v2\/pages"}],"about":[{"href":"https:\/\/www.e-rihs.pl\/index.php\/wp-json\/wp\/v2\/types\/page"}],"author":[{"embeddable":true,"href":"https:\/\/www.e-rihs.pl\/index.php\/wp-json\/wp\/v2\/users\/1"}],"replies":[{"embeddable":true,"href":"https:\/\/www.e-rihs.pl\/index.php\/wp-json\/wp\/v2\/comments?post=196"}],"version-history":[{"count":1,"href":"https:\/\/www.e-rihs.pl\/index.php\/wp-json\/wp\/v2\/pages\/196\/revisions"}],"predecessor-version":[{"id":3380,"href":"https:\/\/www.e-rihs.pl\/index.php\/wp-json\/wp\/v2\/pages\/196\/revisions\/3380"}],"wp:attachment":[{"href":"https:\/\/www.e-rihs.pl\/index.php\/wp-json\/wp\/v2\/media?parent=196"}],"curies":[{"name":"wp","href":"https:\/\/api.w.org\/{rel}","templated":true}]}}