{"id":3099,"date":"2016-05-15T23:24:24","date_gmt":"2016-05-15T23:24:24","guid":{"rendered":"http:\/\/www.fizyka.umk.pl\/~erihs\/?page_id=4"},"modified":"2016-05-15T23:24:24","modified_gmt":"2016-05-15T23:24:24","slug":"nasz-cel","status":"publish","type":"page","link":"https:\/\/www.e-rihs.pl\/index.php\/nasz-cel\/","title":{"rendered":"Nasz cel"},"content":{"rendered":"<ul>\n<li>Udzia\u0142 Polski w europejskiej infrastrukturze: European Research Infrastructure for Heritage Science (Europejska infrastruktura badawcza dla bada\u0144 nad dziedzictwem kulturowym) o akronimie E-RIHS ERIC,<\/li>\n<li>promocja og\u00f3lnopolskiej i europejskiej wsp\u00f3\u0142pracy naukowej w dziedzinie bada\u0144 fizyko-chemicznych zabytk\u00f3w dziedzictwa kulturowego,<\/li>\n<li>opracowanie i realizacja wsp\u00f3lnych projekt\u00f3w badawczych z zakresu fizyko-chemicznych bada\u0144 zabytk\u00f3w dziedzictwa kulturowego,<\/li>\n<li>opracowanie i koordynacja zintegrowanego systemu wsparcia dla podmiot\u00f3w (instytucji, firm i os\u00f3b) czynnych w obszarze bada\u0144 nad dziedzictwem kulturowym i w konserwacji zabytk\u00f3w w zakresie dost\u0119pu do nowoczesnych metod badawczych i dla wymiany informacji o uzyskiwanych rezultatach bada\u0144,<\/li>\n<li>wspieranie wymiany do\u015bwiadcze\u0144 i rezultat\u00f3w bada\u0144 oraz wzmocnienie wsp\u00f3\u0142pracy pomi\u0119dzy cz\u0142onkami Konsorcjum poprzez wsp\u00f3\u0142organizacj\u0119 konferencji i sympozj\u00f3w naukowych. W szczeg\u00f3lno\u015bci, sta\u0142ym miejscem takiej wymiany pogl\u0105d\u00f3w jest doroczna konferencja \u201eAnaliza Chemiczna w Ochronie Zabytk\u00f3w\u201d,<\/li>\n<li>wsp\u00f3\u0142praca z innymi instytucjami naukowymi, konsorcjami, sieciami naukowymi, centrami zaawansowanych technologii oraz innymi o\u015brodkami integruj\u0105cymi \u015brodowisko naukowe w Polsce i Europie.<\/li>\n<\/ul>\n","protected":false},"excerpt":{"rendered":"<p>Udzia\u0142 Polski w europejskiej infrastrukturze: European Research Infrastructure for Heritage Science (Europejska infrastruktura badawcza dla bada\u0144 nad dziedzictwem kulturowym) o akronimie E-RIHS ERIC, promocja og\u00f3lnopolskiej i europejskiej wsp\u00f3\u0142pracy naukowej w dziedzinie bada\u0144 fizyko-chemicznych zabytk\u00f3w dziedzictwa kulturowego, opracowanie i realizacja wsp\u00f3lnych &hellip; <a href=\"https:\/\/www.e-rihs.pl\/index.php\/nasz-cel\/\">Czytaj dalej <span class=\"meta-nav\">&rarr;<\/span><\/a><\/p>\n","protected":false},"author":1,"featured_media":0,"parent":0,"menu_order":0,"comment_status":"closed","ping_status":"closed","template":"","meta":[],"_links":{"self":[{"href":"https:\/\/www.e-rihs.pl\/index.php\/wp-json\/wp\/v2\/pages\/3099"}],"collection":[{"href":"https:\/\/www.e-rihs.pl\/index.php\/wp-json\/wp\/v2\/pages"}],"about":[{"href":"https:\/\/www.e-rihs.pl\/index.php\/wp-json\/wp\/v2\/types\/page"}],"author":[{"embeddable":true,"href":"https:\/\/www.e-rihs.pl\/index.php\/wp-json\/wp\/v2\/users\/1"}],"replies":[{"embeddable":true,"href":"https:\/\/www.e-rihs.pl\/index.php\/wp-json\/wp\/v2\/comments?post=3099"}],"version-history":[{"count":0,"href":"https:\/\/www.e-rihs.pl\/index.php\/wp-json\/wp\/v2\/pages\/3099\/revisions"}],"wp:attachment":[{"href":"https:\/\/www.e-rihs.pl\/index.php\/wp-json\/wp\/v2\/media?parent=3099"}],"curies":[{"name":"wp","href":"https:\/\/api.w.org\/{rel}","templated":true}]}}