{"id":3240,"date":"2025-12-04T12:47:11","date_gmt":"2025-12-04T12:47:11","guid":{"rendered":"https:\/\/www.e-rihs.pl\/?page_id=3240"},"modified":"2025-12-04T12:47:11","modified_gmt":"2025-12-04T12:47:11","slug":"10ty-nabor-wnioskow-pieta-ztuczna","status":"publish","type":"page","link":"https:\/\/www.e-rihs.pl\/index.php\/10ty-nabor-wnioskow-pieta-ztuczna\/","title":{"rendered":"10ty nab\u00f3r wniosk\u00f3w: Pieta zTuczna"},"content":{"rendered":"<h2 style=\"text-align: center;\">Badania konserwatorskie gotyckiej rze\u017aby \u201ePieta\u201d z pocz. XVI w.<\/h2>\n<p style=\"text-align: justify;\">Przedmiotem bada\u0144 konserwatorskich jest rze\u017aba polichromowana Pieta z pocz. XVI w. Obiekt zabytkowy pochodzi z ko\u015bcio\u0142a pw. Wniebowzi\u0119cia NMP w Tucznie. W swojej formie wykazuje pokrewie\u0144stwa artystyczne oraz wzajemne zale\u017cno\u015bci ikonograficzne z wizerunkiem rze\u017aby cudownej Matki Bo\u017cej z pocz. XV w. w sanktuarium w Skrzatuszu i nale\u017cy do \u015bredniowiecznej tradycji przedstawienia rze\u017aby Matki Boskiej Bolesnej, spotykanej mi\u0119dzy Wielkopolsk\u0105 i Pomorzem. Badania historyczne dowodz\u0105, \u017ce Pieta stanowi interesuj\u0105cy i jak dot\u0105d nie w pe\u0142ni om\u00f3wiony, ani przebadany temat.<\/p>\n<p style=\"text-align: justify;\">Celem projektu badawczego jest wykonanie dok\u0142adnej analizy konserwatorskiej rze\u017aby oraz bada\u0144 technologii i techniki warstw polichromii, kt\u00f3re b\u0119d\u0105 pomocne w przeprowadzeniu prac konserwatorskich i restauratorskich. Proponowany projekt obejmowa\u0142by ocen\u0119 stanu zachowania oryginalnych warstw polichromii oraz wyst\u0119puj\u0105cych proces\u00f3w starzenia.<\/p>\n<p style=\"text-align: justify;\">Niezwykle istotnym b\u0119dzie wykonanie analizy SEM-EDS przekroj\u00f3w poprzecznych pr\u00f3bek warstw malarskich, kt\u00f3ra pozwoli na zobrazowanie budowy stratygraficznej oraz rozpoznanie sk\u0142adu pierwiastkowego, co b\u0119dzie tak\u017ce pomocne do okre\u015blenia proweniencji rze\u017aby.<\/p>\n<div id=\"attachment_3241\" style=\"width: 209px\" class=\"wp-caption alignnone\"><img aria-describedby=\"caption-attachment-3241\" decoding=\"async\" loading=\"lazy\" class=\"size-medium wp-image-3241\" src=\"https:\/\/www.e-rihs.pl\/wp-content\/uploads\/2025\/12\/Pieta-199x300.jpg\" alt=\"\" width=\"199\" height=\"300\" srcset=\"https:\/\/www.e-rihs.pl\/wp-content\/uploads\/2025\/12\/Pieta-199x300.jpg 199w, https:\/\/www.e-rihs.pl\/wp-content\/uploads\/2025\/12\/Pieta-680x1024.jpg 680w, https:\/\/www.e-rihs.pl\/wp-content\/uploads\/2025\/12\/Pieta-768x1156.jpg 768w, https:\/\/www.e-rihs.pl\/wp-content\/uploads\/2025\/12\/Pieta-1020x1536.jpg 1020w, https:\/\/www.e-rihs.pl\/wp-content\/uploads\/2025\/12\/Pieta-1360x2048.jpg 1360w, https:\/\/www.e-rihs.pl\/wp-content\/uploads\/2025\/12\/Pieta-scaled.jpg 1700w\" sizes=\"(max-width: 199px) 100vw, 199px\" \/><p id=\"caption-attachment-3241\" class=\"wp-caption-text\">Pieta z koscio\u0142a parafialnego pw. Wniebowzi\u0119cia NMP w Tucznie przed konserwacj\u0105 (fot. B. Szmelter-Fausek)<\/p><\/div>\n","protected":false},"excerpt":{"rendered":"<p>Badania konserwatorskie gotyckiej rze\u017aby \u201ePieta\u201d z pocz. XVI w. Przedmiotem bada\u0144 konserwatorskich jest rze\u017aba polichromowana Pieta z pocz. XVI w. Obiekt zabytkowy pochodzi z ko\u015bcio\u0142a pw. Wniebowzi\u0119cia NMP w Tucznie. W swojej formie wykazuje pokrewie\u0144stwa artystyczne oraz wzajemne zale\u017cno\u015bci ikonograficzne &hellip; <a href=\"https:\/\/www.e-rihs.pl\/index.php\/10ty-nabor-wnioskow-pieta-ztuczna\/\">Czytaj dalej <span class=\"meta-nav\">&rarr;<\/span><\/a><\/p>\n","protected":false},"author":1,"featured_media":0,"parent":0,"menu_order":0,"comment_status":"closed","ping_status":"closed","template":"","meta":[],"_links":{"self":[{"href":"https:\/\/www.e-rihs.pl\/index.php\/wp-json\/wp\/v2\/pages\/3240"}],"collection":[{"href":"https:\/\/www.e-rihs.pl\/index.php\/wp-json\/wp\/v2\/pages"}],"about":[{"href":"https:\/\/www.e-rihs.pl\/index.php\/wp-json\/wp\/v2\/types\/page"}],"author":[{"embeddable":true,"href":"https:\/\/www.e-rihs.pl\/index.php\/wp-json\/wp\/v2\/users\/1"}],"replies":[{"embeddable":true,"href":"https:\/\/www.e-rihs.pl\/index.php\/wp-json\/wp\/v2\/comments?post=3240"}],"version-history":[{"count":1,"href":"https:\/\/www.e-rihs.pl\/index.php\/wp-json\/wp\/v2\/pages\/3240\/revisions"}],"predecessor-version":[{"id":3242,"href":"https:\/\/www.e-rihs.pl\/index.php\/wp-json\/wp\/v2\/pages\/3240\/revisions\/3242"}],"wp:attachment":[{"href":"https:\/\/www.e-rihs.pl\/index.php\/wp-json\/wp\/v2\/media?parent=3240"}],"curies":[{"name":"wp","href":"https:\/\/api.w.org\/{rel}","templated":true}]}}