{"id":3249,"date":"2025-12-04T13:23:10","date_gmt":"2025-12-04T13:23:10","guid":{"rendered":"https:\/\/www.e-rihs.pl\/?page_id=3249"},"modified":"2025-12-04T13:23:10","modified_gmt":"2025-12-04T13:23:10","slug":"10ty-nabor-wnioskow-fryz-z-wilanowa","status":"publish","type":"page","link":"https:\/\/www.e-rihs.pl\/index.php\/10ty-nabor-wnioskow-fryz-z-wilanowa\/","title":{"rendered":"10ty nab\u00f3r wniosk\u00f3w: fryz z Wilanowa"},"content":{"rendered":"<h2 style=\"text-align: center;\"><strong>Badania fizyko-chemiczne XVII wiecznego fryzu w Antykamerze Kr\u00f3lowej w Pa\u0142acu Kr\u00f3la Jana III w Wilanowie<\/strong><\/h2>\n<p style=\"text-align: justify;\">Obiektem bada\u0144 w ramach projektu jest malowany na p\u0142\u00f3tnie fryz okalaj\u0105cy \u015bciany Antykamery Kr\u00f3lowej w Pa\u0142acu Kr\u00f3la Jana III w Wilanowie. Dekoracyjne kompozycje fryzu nawi\u0105zuj\u0105 do tematyki plafonu z alegori\u0105 Jesieni. Celem podejmowanych bada\u0144 fizyko-chemicznych jest rozpoznanie stanu zachowania, historii oraz potrzeb konserwatorskich najstarszych dekoracji pa\u0142acu w Wilanowie. Analizy wizualne obiekt\u00f3w zmienionych przez up\u0142yw czasu i dawne renowacje, wymagaj\u0105 obecnie\u00a0 naukowego wsparcia i zastosowania odpowiednich instrument\u00f3w badawczych. W programie bada\u0144 uwzgl\u0119dnione zosta\u0142y r\u00f3\u017cne metody analityczne &#8211; badania nieinwazyjne i analizy laboratoryjne wymagaj\u0105ce pobrania pr\u00f3bek dla poznania wewn\u0119trznej struktury malowide\u0142. Wyniki bada\u0144 b\u0119d\u0105 pomocne przy opracowaniu programu konserwacji i restauracji malowide\u0142 w Antykamerze Kr\u00f3lowej. Nowe informacje o dzie\u0142ach, kt\u00f3re powsta\u0142y w Polsce na zlecenie dworu kr\u00f3lewskiego w XVII wieku, b\u0119d\u0105 cenne dla studi\u00f3w z zakresu historii sztuki i technologii malarstwa. Jednocze\u015bnie realizacja projektu pozwoli na rozszerzanie dzia\u0142alno\u015bci edukacyjnej przez prezentacj\u0119 barokowego malarstwa nie tylko jako \u017ar\u00f3d\u0142a estetycznych dozna\u0144, ale tak\u017ce\u00a0 informacji o metodach pracy artyst\u00f3w dawnych epokach.<\/p>\n<div id=\"attachment_3250\" style=\"width: 310px\" class=\"wp-caption alignnone\"><img aria-describedby=\"caption-attachment-3250\" decoding=\"async\" loading=\"lazy\" class=\"size-medium wp-image-3250\" src=\"https:\/\/www.e-rihs.pl\/wp-content\/uploads\/2025\/12\/Wilanow-antykamera-300x186.jpg\" alt=\"\" width=\"300\" height=\"186\" srcset=\"https:\/\/www.e-rihs.pl\/wp-content\/uploads\/2025\/12\/Wilanow-antykamera-300x186.jpg 300w, https:\/\/www.e-rihs.pl\/wp-content\/uploads\/2025\/12\/Wilanow-antykamera-1024x636.jpg 1024w, https:\/\/www.e-rihs.pl\/wp-content\/uploads\/2025\/12\/Wilanow-antykamera-768x477.jpg 768w, https:\/\/www.e-rihs.pl\/wp-content\/uploads\/2025\/12\/Wilanow-antykamera-483x300.jpg 483w, https:\/\/www.e-rihs.pl\/wp-content\/uploads\/2025\/12\/Wilanow-antykamera.jpg 1527w\" sizes=\"(max-width: 300px) 100vw, 300px\" \/><p id=\"caption-attachment-3250\" class=\"wp-caption-text\">Antykamera Kr\u00f3lowej, Pa\u0142ac Kr\u00f3la Jana III w Wilanowie (fot. A. Indyk)<\/p><\/div>\n<p>&nbsp;<\/p>\n<div id=\"attachment_3251\" style=\"width: 310px\" class=\"wp-caption alignnone\"><img aria-describedby=\"caption-attachment-3251\" decoding=\"async\" loading=\"lazy\" class=\"size-medium wp-image-3251\" src=\"https:\/\/www.e-rihs.pl\/wp-content\/uploads\/2025\/12\/wilanow-fryz-300x73.jpg\" alt=\"\" width=\"300\" height=\"73\" srcset=\"https:\/\/www.e-rihs.pl\/wp-content\/uploads\/2025\/12\/wilanow-fryz-300x73.jpg 300w, https:\/\/www.e-rihs.pl\/wp-content\/uploads\/2025\/12\/wilanow-fryz-768x187.jpg 768w, https:\/\/www.e-rihs.pl\/wp-content\/uploads\/2025\/12\/wilanow-fryz-500x122.jpg 500w, https:\/\/www.e-rihs.pl\/wp-content\/uploads\/2025\/12\/wilanow-fryz.jpg 838w\" sizes=\"(max-width: 300px) 100vw, 300px\" \/><p id=\"caption-attachment-3251\" class=\"wp-caption-text\"><br \/>Fragment fryzu na \u015bcianie wschodniej (fragm. ortobrazu)<\/p><\/div>\n","protected":false},"excerpt":{"rendered":"<p>Badania fizyko-chemiczne XVII wiecznego fryzu w Antykamerze Kr\u00f3lowej w Pa\u0142acu Kr\u00f3la Jana III w Wilanowie Obiektem bada\u0144 w ramach projektu jest malowany na p\u0142\u00f3tnie fryz okalaj\u0105cy \u015bciany Antykamery Kr\u00f3lowej w Pa\u0142acu Kr\u00f3la Jana III w Wilanowie. Dekoracyjne kompozycje fryzu nawi\u0105zuj\u0105 &hellip; <a href=\"https:\/\/www.e-rihs.pl\/index.php\/10ty-nabor-wnioskow-fryz-z-wilanowa\/\">Czytaj dalej <span class=\"meta-nav\">&rarr;<\/span><\/a><\/p>\n","protected":false},"author":1,"featured_media":0,"parent":0,"menu_order":0,"comment_status":"closed","ping_status":"closed","template":"","meta":[],"_links":{"self":[{"href":"https:\/\/www.e-rihs.pl\/index.php\/wp-json\/wp\/v2\/pages\/3249"}],"collection":[{"href":"https:\/\/www.e-rihs.pl\/index.php\/wp-json\/wp\/v2\/pages"}],"about":[{"href":"https:\/\/www.e-rihs.pl\/index.php\/wp-json\/wp\/v2\/types\/page"}],"author":[{"embeddable":true,"href":"https:\/\/www.e-rihs.pl\/index.php\/wp-json\/wp\/v2\/users\/1"}],"replies":[{"embeddable":true,"href":"https:\/\/www.e-rihs.pl\/index.php\/wp-json\/wp\/v2\/comments?post=3249"}],"version-history":[{"count":1,"href":"https:\/\/www.e-rihs.pl\/index.php\/wp-json\/wp\/v2\/pages\/3249\/revisions"}],"predecessor-version":[{"id":3252,"href":"https:\/\/www.e-rihs.pl\/index.php\/wp-json\/wp\/v2\/pages\/3249\/revisions\/3252"}],"wp:attachment":[{"href":"https:\/\/www.e-rihs.pl\/index.php\/wp-json\/wp\/v2\/media?parent=3249"}],"curies":[{"name":"wp","href":"https:\/\/api.w.org\/{rel}","templated":true}]}}