{"id":3261,"date":"2025-12-04T13:58:18","date_gmt":"2025-12-04T13:58:18","guid":{"rendered":"https:\/\/www.e-rihs.pl\/?page_id=3261"},"modified":"2025-12-04T13:58:18","modified_gmt":"2025-12-04T13:58:18","slug":"10ty-nabor-wnioskow-drzeworyty-z-manggha","status":"publish","type":"page","link":"https:\/\/www.e-rihs.pl\/index.php\/10ty-nabor-wnioskow-drzeworyty-z-manggha\/","title":{"rendered":"10ty nab\u00f3r wniosk\u00f3w: drzeworyty z Manggha"},"content":{"rendered":"<h2 style=\"text-align: center;\"><strong>Pilota\u017cowe badanie trzech drzeworyt\u00f3w japo\u0144skich z kolekcji Muzeum Sztuki i\u00a0Techniki Japo\u0144skiej Manggha w Krakowie<\/strong><\/h2>\n<p style=\"text-align: justify;\">W ostatnich latach Muzeum Sztuki i Techniki Japo\u0144skiej Manggha wzbogaci\u0142o swoj\u0105 kolekcj\u0119 o\u00a0zbiory drzeworyt\u00f3w pochodz\u0105cych z kolekcji Rajmunda Milewskiego i Zygmunta Karolaka, datowanych na okres Meiji (1868\u20131912). Obiekty te nie by\u0142y dotychczas poddane kompleksowej analizie ani dzia\u0142aniom konserwatorskim. Projekt zak\u0142ada przeprowadzenie wst\u0119pnych bada\u0144 pilota\u017cowych, kt\u00f3rych celem jest opracowanie procedur badawczych umo\u017cliwiaj\u0105cych rozpoznanie technologii wykonania japo\u0144skich drzeworyt\u00f3w. Szczeg\u00f3lny nacisk zostanie po\u0142o\u017cony na identyfikacj\u0119 spoiw, barwnik\u00f3w, pigment\u00f3w oraz ocen\u0119 ich\u00a0wra\u017cliwo\u015bci na procesy starzenia. Wyniki bada\u0144 (zar\u00f3wno obserwacji, jak i analiz fizyko-chemicznych, m.in.: MA-XRF, FTIR, SEM, Raman, GC\/MS) b\u0119d\u0105 stanowi\u0142y uzupe\u0142nienie dla\u00a0oceny stanu zachowania i punkt wyj\u015bcia do planowanych dzia\u0142a\u0144 konserwatorskich. Do\u00a0bada\u0144 wytypowano trzy drzeworyty, uwzgl\u0119dniaj\u0105c czas ich powstania i wynikaj\u0105ce z tego ich zr\u00f3\u017cnicowanie kolorystyczne oraz spos\u00f3b aplikacji pigment\u00f3w i barwnik\u00f3w, zar\u00f3wno pochodzenia naturalnego, jak i syntetycznego. Wprowadzenie syntetycznych substancji barwi\u0105cych w drugiej po\u0142owie XIX wieku znacz\u0105co wp\u0142yn\u0119\u0142o na estetyk\u0119 japo\u0144skich drzeworyt\u00f3w, umo\u017cliwiaj\u0105c uzyskanie intensywniejszych i bardziej trwa\u0142ych kolor\u00f3w. Jednocze\u015bnie zwi\u0119kszy\u0142o to ryzyko zmian barwnych oraz postawi\u0142o nowe wyzwania przed\u00a0konserwatorami. Zebrane dane pos\u0142u\u017c\u0105 tak\u017ce do u\u015bci\u015blenia datowania obiekt\u00f3w oraz\u00a0pe\u0142nej inwentaryzacji nowo tworzonej kolekcji, wspieraj\u0105c proces dokumentacji.<\/p>\n<div id=\"attachment_3263\" style=\"width: 310px\" class=\"wp-caption alignnone\"><img aria-describedby=\"caption-attachment-3263\" decoding=\"async\" loading=\"lazy\" class=\"size-medium wp-image-3263\" src=\"https:\/\/www.e-rihs.pl\/wp-content\/uploads\/2025\/12\/Manggha-300x149.png\" alt=\"\" width=\"300\" height=\"149\" srcset=\"https:\/\/www.e-rihs.pl\/wp-content\/uploads\/2025\/12\/Manggha-300x149.png 300w, https:\/\/www.e-rihs.pl\/wp-content\/uploads\/2025\/12\/Manggha-1024x510.png 1024w, https:\/\/www.e-rihs.pl\/wp-content\/uploads\/2025\/12\/Manggha-768x382.png 768w, https:\/\/www.e-rihs.pl\/wp-content\/uploads\/2025\/12\/Manggha-1536x765.png 1536w, https:\/\/www.e-rihs.pl\/wp-content\/uploads\/2025\/12\/Manggha-2048x1020.png 2048w, https:\/\/www.e-rihs.pl\/wp-content\/uploads\/2025\/12\/Manggha-500x249.png 500w\" sizes=\"(max-width: 300px) 100vw, 300px\" \/><p id=\"caption-attachment-3263\" class=\"wp-caption-text\">1. Utagawa Kunisada, Kobieta z lustrem Chiyaya, fot. \u015awiatos\u0142aw Lenartowicz<br \/>2. Utagawa Kunisada, Azuma nishiki-e Soga 8 kei jihitsu kagami &#8211; Tosei jihitsu kagami, fot. \u015awiatos\u0142aw Lenartowicz<br \/>3. Utagawa Hiroshige II, Mishima, fot. \u015awiatos\u0142aw Lenartowicz<\/p><\/div>\n","protected":false},"excerpt":{"rendered":"<p>Pilota\u017cowe badanie trzech drzeworyt\u00f3w japo\u0144skich z kolekcji Muzeum Sztuki i\u00a0Techniki Japo\u0144skiej Manggha w Krakowie W ostatnich latach Muzeum Sztuki i Techniki Japo\u0144skiej Manggha wzbogaci\u0142o swoj\u0105 kolekcj\u0119 o\u00a0zbiory drzeworyt\u00f3w pochodz\u0105cych z kolekcji Rajmunda Milewskiego i Zygmunta Karolaka, datowanych na okres Meiji &hellip; <a href=\"https:\/\/www.e-rihs.pl\/index.php\/10ty-nabor-wnioskow-drzeworyty-z-manggha\/\">Czytaj dalej <span class=\"meta-nav\">&rarr;<\/span><\/a><\/p>\n","protected":false},"author":1,"featured_media":0,"parent":0,"menu_order":0,"comment_status":"closed","ping_status":"closed","template":"","meta":[],"_links":{"self":[{"href":"https:\/\/www.e-rihs.pl\/index.php\/wp-json\/wp\/v2\/pages\/3261"}],"collection":[{"href":"https:\/\/www.e-rihs.pl\/index.php\/wp-json\/wp\/v2\/pages"}],"about":[{"href":"https:\/\/www.e-rihs.pl\/index.php\/wp-json\/wp\/v2\/types\/page"}],"author":[{"embeddable":true,"href":"https:\/\/www.e-rihs.pl\/index.php\/wp-json\/wp\/v2\/users\/1"}],"replies":[{"embeddable":true,"href":"https:\/\/www.e-rihs.pl\/index.php\/wp-json\/wp\/v2\/comments?post=3261"}],"version-history":[{"count":1,"href":"https:\/\/www.e-rihs.pl\/index.php\/wp-json\/wp\/v2\/pages\/3261\/revisions"}],"predecessor-version":[{"id":3264,"href":"https:\/\/www.e-rihs.pl\/index.php\/wp-json\/wp\/v2\/pages\/3261\/revisions\/3264"}],"wp:attachment":[{"href":"https:\/\/www.e-rihs.pl\/index.php\/wp-json\/wp\/v2\/media?parent=3261"}],"curies":[{"name":"wp","href":"https:\/\/api.w.org\/{rel}","templated":true}]}}