{"id":3284,"date":"2025-12-04T14:38:32","date_gmt":"2025-12-04T14:38:32","guid":{"rendered":"https:\/\/www.e-rihs.pl\/?page_id=3284"},"modified":"2025-12-04T14:38:32","modified_gmt":"2025-12-04T14:38:32","slug":"10ty-nabor-projektow-stauroteka-z-ostrowa-lednickiego","status":"publish","type":"page","link":"https:\/\/www.e-rihs.pl\/index.php\/10ty-nabor-projektow-stauroteka-z-ostrowa-lednickiego\/","title":{"rendered":"10ty nab\u00f3r projekt\u00f3w: stauroteka z Ostrowa Lednickiego"},"content":{"rendered":"<h2 style=\"text-align: center;\"><strong>Stauroteka z Ostrowa Lednickiego<\/strong><\/h2>\n<p style=\"text-align: justify;\">Celem projektu jest okre\u015blenie stopnia zniszczenia bezcennego zabytku archeologicznego (relikwiarz z Ostrowa Lednickiego), o nr inw. MPP\/A\/4\/301\/62 oraz zakresu wt\u00f3rnej ingerencji poczynionej w latach 80-tych XX wieku. Relikwiarz z Lednicy to unikatowy i bezcenny zabytek o du\u017cym znaczeniu dla dziedzictwa narodowego \u2013 uznawany za najstarszy relikwiarz w Polsce. Zabytek poddany by\u0142 badaniom archeologicznym i historycznym w ramach kt\u00f3rych wykonano podstawowe badania dotycz\u0105ce sk\u0142adu u\u017cytych materia\u0142\u00f3w. By\u0142y one przedmiotem publikacji (Stauroteka Lednicka 2015). Planowane obecnie badania rentgenowskiej tomografii komputerowej <a href=\"http:\/\/www.e-rihs.pl\/index.php\/analiza-struktury-oparta-na-tomografii-komputerowej-tk\/\">(\u03bcCT)<\/a> i skaningowej mikroskopii elektronowej (SEM-EDS) pozwol\u0105 na pe\u0142n\u0105 identyfikacj\u0119 proces\u00f3w korozji i materia\u0142\u00f3w u\u017cytych do wykonania relikwiarza i zastosowanych podczas XX wiecznych napraw. Na ich podstawie mo\u017cna b\u0119dzie uzupe\u0142ni\u0107 dotychczasow\u0105 wiedz\u0105 na temat technologii budowy. Wyniki bada\u0144 pos\u0142u\u017c\u0105 przede wszystkim przeprowadzeniu profesjonalnych prac konserwatorskich mocno uszkodzonego relikwiarza.<\/p>\n<div id=\"attachment_3285\" style=\"width: 310px\" class=\"wp-caption alignnone\"><img aria-describedby=\"caption-attachment-3285\" decoding=\"async\" loading=\"lazy\" class=\"size-medium wp-image-3285\" src=\"https:\/\/www.e-rihs.pl\/wp-content\/uploads\/2025\/12\/stauroteka-300x289.jpg\" alt=\"\" width=\"300\" height=\"289\" srcset=\"https:\/\/www.e-rihs.pl\/wp-content\/uploads\/2025\/12\/stauroteka-300x289.jpg 300w, https:\/\/www.e-rihs.pl\/wp-content\/uploads\/2025\/12\/stauroteka-768x741.jpg 768w, https:\/\/www.e-rihs.pl\/wp-content\/uploads\/2025\/12\/stauroteka-311x300.jpg 311w, https:\/\/www.e-rihs.pl\/wp-content\/uploads\/2025\/12\/stauroteka.jpg 981w\" sizes=\"(max-width: 300px) 100vw, 300px\" \/><p id=\"caption-attachment-3285\" class=\"wp-caption-text\">Relikwiarz z Ostrowa Lednickiego, stan obiektu przed konserwacj\u0105. fot. A. Piasecka<\/p><\/div>\n","protected":false},"excerpt":{"rendered":"<p>Stauroteka z Ostrowa Lednickiego Celem projektu jest okre\u015blenie stopnia zniszczenia bezcennego zabytku archeologicznego (relikwiarz z Ostrowa Lednickiego), o nr inw. MPP\/A\/4\/301\/62 oraz zakresu wt\u00f3rnej ingerencji poczynionej w latach 80-tych XX wieku. Relikwiarz z Lednicy to unikatowy i bezcenny zabytek o &hellip; <a href=\"https:\/\/www.e-rihs.pl\/index.php\/10ty-nabor-projektow-stauroteka-z-ostrowa-lednickiego\/\">Czytaj dalej <span class=\"meta-nav\">&rarr;<\/span><\/a><\/p>\n","protected":false},"author":1,"featured_media":0,"parent":0,"menu_order":0,"comment_status":"closed","ping_status":"closed","template":"","meta":[],"_links":{"self":[{"href":"https:\/\/www.e-rihs.pl\/index.php\/wp-json\/wp\/v2\/pages\/3284"}],"collection":[{"href":"https:\/\/www.e-rihs.pl\/index.php\/wp-json\/wp\/v2\/pages"}],"about":[{"href":"https:\/\/www.e-rihs.pl\/index.php\/wp-json\/wp\/v2\/types\/page"}],"author":[{"embeddable":true,"href":"https:\/\/www.e-rihs.pl\/index.php\/wp-json\/wp\/v2\/users\/1"}],"replies":[{"embeddable":true,"href":"https:\/\/www.e-rihs.pl\/index.php\/wp-json\/wp\/v2\/comments?post=3284"}],"version-history":[{"count":1,"href":"https:\/\/www.e-rihs.pl\/index.php\/wp-json\/wp\/v2\/pages\/3284\/revisions"}],"predecessor-version":[{"id":3286,"href":"https:\/\/www.e-rihs.pl\/index.php\/wp-json\/wp\/v2\/pages\/3284\/revisions\/3286"}],"wp:attachment":[{"href":"https:\/\/www.e-rihs.pl\/index.php\/wp-json\/wp\/v2\/media?parent=3284"}],"curies":[{"name":"wp","href":"https:\/\/api.w.org\/{rel}","templated":true}]}}