{"id":47,"date":"2016-05-23T22:55:16","date_gmt":"2016-05-23T22:55:16","guid":{"rendered":"http:\/\/www.fizyka.umk.pl\/~erihs\/?page_id=47"},"modified":"2025-11-27T11:47:02","modified_gmt":"2025-11-27T11:47:02","slug":"strona-glowna","status":"publish","type":"page","link":"https:\/\/www.e-rihs.pl\/","title":{"rendered":"Czym jest E-RIHS PL?"},"content":{"rendered":"<p><strong>E-RIHS.pl<\/strong>\u00a0jest konsorcjum &#8211; Polskim w\u0119z\u0142em narodowym europejskiej infrastruktury dla bada\u0144 nad dziedzictwem kulturowym\u00a0(European Research Infrastructure for Heritage Science:\u00a0<a href=\"http:\/\/www.e-rihs.eu\/\" target=\"_blank\" rel=\"noopener\">E-RIHS<\/a>\u00a0ERIC).<\/p>\n<p><strong>E-RIHS.pl <\/strong>tworzy\u00a0<a href=\"http:\/\/www.e-rihs.pl\/index.php\/nasi-czlonkowie\/\" target=\"_blank\" rel=\"noopener\">14 instytucji<\/a> z Gda\u0144ska, Krakowa, Poznania, Torunia, Warszawy i Wroc\u0142awia.<\/p>\n<p><strong>E-RIHS.pl<\/strong>\u00a0od stycznia 2020 znajduje si\u0119 na <a href=\"https:\/\/www.gov.pl\/web\/nauka\/lista-strategicznych-infrastruktur-badawczych-umieszczonych-na-polskiej-mapie-infrastruktury-badawczej\" target=\"_blank\" rel=\"noopener\">Polskiej Mapie Infrastruktury Badawczej<\/a>.\u00a0Pod <a href=\"https:\/\/www.gov.pl\/attachment\/a5839d22-680b-44ed-9708-cbaefd9498d2\" target=\"_blank\" rel=\"noopener\">tym adresem<\/a> mo\u017cna znale\u017a\u0107 broszur\u0119 opublikowan\u0105 przez MNiSW z opisem wszystkich zaakceptowanych Infrastruktur. W wyniku <a href=\"https:\/\/www.gov.pl\/web\/nauka\/wyniki-przegladu-polskiej-mapy-infrastruktury-badawczej\" target=\"_blank\" rel=\"noopener\">przegl\u0105du infrastruktur<\/a> w 2025 roku, E-RIHS.pl nadal pozostaje na mapie.<\/p>\n<p><strong>E-RIHS.pl<\/strong>\u00a0jest oddoln\u0105 inicjatyw\u0105 tworz\u0105cych j\u0105 o\u015brodk\u00f3w badawczych.<\/p>\n<p><strong>E-RIHS.pl<\/strong>\u00a0jest struktur\u0105 otwart\u0105 \u2013 zaprasza do wsp\u00f3\u0142pracy i udzia\u0142u.<\/p>\n<p><strong>E-RIHS.pl<\/strong>\u00a0<a href=\"http:\/\/www.e-rihs.pl\/index.php\/nasza-oferta\/\" target=\"_blank\" rel=\"noopener\">oferuje <\/a>\u015brodowisku konserwator\u00f3w, historyk\u00f3w dzie\u0142 sztuki, muzealnik\u00f3w, archeolog\u00f3w dost\u0119p do unikalnej infrastruktury badawczej i <em>know-how<\/em>.<\/p>\n","protected":false},"excerpt":{"rendered":"<p>E-RIHS.pl\u00a0jest konsorcjum &#8211; Polskim w\u0119z\u0142em narodowym europejskiej infrastruktury dla bada\u0144 nad dziedzictwem kulturowym\u00a0(European Research Infrastructure for Heritage Science:\u00a0E-RIHS\u00a0ERIC). E-RIHS.pl tworzy\u00a014 instytucji z Gda\u0144ska, Krakowa, Poznania, Torunia, Warszawy i Wroc\u0142awia. E-RIHS.pl\u00a0od stycznia 2020 znajduje si\u0119 na Polskiej Mapie Infrastruktury Badawczej.\u00a0Pod tym &hellip; <a href=\"https:\/\/www.e-rihs.pl\/\">Czytaj dalej <span class=\"meta-nav\">&rarr;<\/span><\/a><\/p>\n","protected":false},"author":1,"featured_media":0,"parent":0,"menu_order":0,"comment_status":"closed","ping_status":"closed","template":"","meta":[],"_links":{"self":[{"href":"https:\/\/www.e-rihs.pl\/index.php\/wp-json\/wp\/v2\/pages\/47"}],"collection":[{"href":"https:\/\/www.e-rihs.pl\/index.php\/wp-json\/wp\/v2\/pages"}],"about":[{"href":"https:\/\/www.e-rihs.pl\/index.php\/wp-json\/wp\/v2\/types\/page"}],"author":[{"embeddable":true,"href":"https:\/\/www.e-rihs.pl\/index.php\/wp-json\/wp\/v2\/users\/1"}],"replies":[{"embeddable":true,"href":"https:\/\/www.e-rihs.pl\/index.php\/wp-json\/wp\/v2\/comments?post=47"}],"version-history":[{"count":3,"href":"https:\/\/www.e-rihs.pl\/index.php\/wp-json\/wp\/v2\/pages\/47\/revisions"}],"predecessor-version":[{"id":3203,"href":"https:\/\/www.e-rihs.pl\/index.php\/wp-json\/wp\/v2\/pages\/47\/revisions\/3203"}],"wp:attachment":[{"href":"https:\/\/www.e-rihs.pl\/index.php\/wp-json\/wp\/v2\/media?parent=47"}],"curies":[{"name":"wp","href":"https:\/\/api.w.org\/{rel}","templated":true}]}}