{"id":6,"date":"2016-05-15T23:24:50","date_gmt":"2016-05-15T23:24:50","guid":{"rendered":"http:\/\/www.fizyka.umk.pl\/~erihs\/?page_id=6"},"modified":"2016-05-15T23:24:50","modified_gmt":"2016-05-15T23:24:50","slug":"nasi-czlonkowie","status":"publish","type":"page","link":"https:\/\/www.e-rihs.pl\/index.php\/nasi-czlonkowie\/","title":{"rendered":"Nasi cz\u0142onkowie"},"content":{"rendered":"<ul>\n<li>Lider\u00a0konsorcjum: <strong>Uniwersytet Miko\u0142aja Kopernika<\/strong>, delegaci do Rady Konsorcjum: prof. dr hab. Piotr Targowski (Przewodnicz\u0105cy Rady Konsorcjum); prof. dr hab. Bogumi\u0142a J. Rouba<\/li>\n<li><strong>Akademia G\u00f3rniczo-Hutnicza w Krakowie<\/strong>, delegat do Rady Konsorcjum: dr hab. in\u017c. Aldona Garbacz-Klempka, prof. AGH<\/li>\n<li><strong>Akademia Sztuk Pi\u0119knych w Krakowie<\/strong>, delegat do Rady Konsorcjum: dr\u00a0Maria Goryl<\/li>\n<li><strong>Instytut Chemii i Techniki J\u0105drowej<\/strong>, delegat do Rady Konsorcjum:\u00a0dr Wojciech Starosta<\/li>\n<li><strong>Instytut Chemii Bioorganicznej PAN Pozna\u0144skie Centrum Superkomputerowo-Sieciowe<\/strong>,\u00a0delegat do Rady Konsorcjum: mgr Robert P\u0119kal<\/li>\n<li><strong>Instytut Katalizy i Fizykochemii Powierzchni im. Jerzego Habera PAN<\/strong>, delegat do Rady Konsorcjum: prof. dr hab. \u0141ukasz Bratasz<\/li>\n<li><strong>Instytut Maszyn Przep\u0142ywowych im. R. Szewalskiego PAN<\/strong>, delegat do Rady Konsorcjum: dr hab. Rafa\u0142 Jendrzejewski, prof. IMP PAN<\/li>\n<li><strong>LANBOZ &#8211; Muzeum Narodowe w Krakowie<\/strong>, delegat do Rady Konsorcjum: dr Julio del Hoyo Mel\u00e9ndez<\/li>\n<li><strong>Narodowe Centrum Bada\u0144 J\u0105drowych<\/strong>, delegat do Rady Konsorcjum: dr Ewelina A. Mi\u015bta-Jakubowska<\/li>\n<li><strong>Politechnika Warszawska<\/strong>, delegat do Rady Konsorcjum: dr hab. in\u017c. Katarzyna Lech, prof. PW<\/li>\n<li><strong>Uniwersytet Ekonomiczny w Krakowie<\/strong>, delegat do Rady Konsorcjum: dr hab. Tomasz Sawoszczuk, prof. UEK<\/li>\n<li><strong>Uniwersytet Jagiello\u0144ski<\/strong>, delegat do Rady Konsorcjum: prof. dr hab. Krzysztof Krucza\u0142a<\/li>\n<li><strong>Uniwersytet Warszawski<\/strong>, delegat do Rady Konsorcjum: dr hab. Barbara Wagner, prof. UW (V-ce przewodnicz\u0105ca Rady Konsorcjum)<\/li>\n<li><strong>Uniwersytet Wroc\u0142awski<\/strong>, delegat do Rady Konsorcjum: dr Barbara \u0141yd\u017cba-Kopczy\u0144ska, prof. UWr<\/li>\n<\/ul>\n","protected":false},"excerpt":{"rendered":"<p>Lider\u00a0konsorcjum: Uniwersytet Miko\u0142aja Kopernika, delegaci do Rady Konsorcjum: prof. dr hab. Piotr Targowski (Przewodnicz\u0105cy Rady Konsorcjum); prof. dr hab. Bogumi\u0142a J. Rouba Akademia G\u00f3rniczo-Hutnicza w Krakowie, delegat do Rady Konsorcjum: dr hab. in\u017c. Aldona Garbacz-Klempka, prof. AGH Akademia Sztuk Pi\u0119knych &hellip; <a href=\"https:\/\/www.e-rihs.pl\/index.php\/nasi-czlonkowie\/\">Czytaj dalej <span class=\"meta-nav\">&rarr;<\/span><\/a><\/p>\n","protected":false},"author":1,"featured_media":0,"parent":0,"menu_order":0,"comment_status":"closed","ping_status":"closed","template":"","meta":[],"_links":{"self":[{"href":"https:\/\/www.e-rihs.pl\/index.php\/wp-json\/wp\/v2\/pages\/6"}],"collection":[{"href":"https:\/\/www.e-rihs.pl\/index.php\/wp-json\/wp\/v2\/pages"}],"about":[{"href":"https:\/\/www.e-rihs.pl\/index.php\/wp-json\/wp\/v2\/types\/page"}],"author":[{"embeddable":true,"href":"https:\/\/www.e-rihs.pl\/index.php\/wp-json\/wp\/v2\/users\/1"}],"replies":[{"embeddable":true,"href":"https:\/\/www.e-rihs.pl\/index.php\/wp-json\/wp\/v2\/comments?post=6"}],"version-history":[{"count":0,"href":"https:\/\/www.e-rihs.pl\/index.php\/wp-json\/wp\/v2\/pages\/6\/revisions"}],"wp:attachment":[{"href":"https:\/\/www.e-rihs.pl\/index.php\/wp-json\/wp\/v2\/media?parent=6"}],"curies":[{"name":"wp","href":"https:\/\/api.w.org\/{rel}","templated":true}]}}