{"id":8,"date":"2016-05-15T23:25:13","date_gmt":"2016-05-15T23:25:13","guid":{"rendered":"http:\/\/www.fizyka.umk.pl\/~erihs\/?page_id=8"},"modified":"2026-03-27T07:53:37","modified_gmt":"2026-03-27T07:53:37","slug":"nasza-oferta","status":"publish","type":"page","link":"https:\/\/www.e-rihs.pl\/index.php\/nasza-oferta\/","title":{"rendered":"Nasza oferta"},"content":{"rendered":"<p style=\"text-align: justify;\">E-RIHS PL poprzez swoje\u00a0<strong>Platformy badawcze<\/strong>\u00a0oferuje zainteresowanym instytucjom kultury i nauki spoza Konsorcjum dost\u0119p do infrastruktury Konsorcjum. Dost\u0119p do infrastruktury jest\u00a0<strong>bezp\u0142atny<\/strong>\u00a0i odbywa si\u0119 na podstawie wewn\u0119trznego <strong>naboru projekt\u00f3w badawczych. <\/strong><a href=\"http:\/\/www.e-rihs.pl\/index.php\/nasza-oferta\/#zasady\">Zasady dost\u0119pu.<\/a><\/p>\n<p style=\"text-align: justify;\"><strong>Nab\u00f3r wniosk\u00f3w odbywa si\u0119 raz w roku &#8211; aktualna data zakonczenia naboru jest og\u0142asza w <a href=\"http:\/\/www.e-rihs.pl\/index.php\/aktualnosci\/\" target=\"_blank\" rel=\"noopener\">Aktualnosciach <\/a>strony.\u00a0<\/strong>Wnioski, wy\u0142\u0105cznie na <a href=\"https:\/\/fizyka.umk.pl\/~erihs\/wp-content\/uploads\/2019\/05\/formularz-MOLAB-FIXLAB-Aktualny.docx\">formularzu<\/a> nale\u017cy przesy\u0142a\u0107 mailowo na adres <a href=\"mailto:mkow@umk.pl\">mkow@umk.pl<\/a>. Lista projekt\u00f3w zaakceptowanych do realizacji\u00a0jest og\u0142aszana w grudniu podczas konferencji <a href=\"http:\/\/analizazabytkow.pl\/\" target=\"_blank\" rel=\"noopener\">Analiza Chemiczna w Ochrobnie Zabytk\u00f3w<\/a> oraz na stronach Konsorcjum.<\/p>\n<p style=\"text-align: justify;\">Przed z\u0142o\u017ceniem wniosku nale\u017cy zapozna\u0107 si\u0119 z <a href=\"http:\/\/www.e-rihs.pl\/index.php\/nasza-oferta\/#oferta\">ofert\u0105 Konsorcjum<\/a> (na tej stronie poni\u017cej) oraz z <a href=\"https:\/\/fizyka.umk.pl\/~erihs\/wp-content\/uploads\/2018\/05\/regulamin-MOLAB_FIXLAB-PL.pdf\" target=\"_blank\" rel=\"noopener\">Regulaminem<\/a>.<\/p>\n<p style=\"text-align: justify;\">Dorocznie organizowany jest <strong>Warsztat informacyjny<\/strong> po\u015bwi\u0119cony prezentacji wybranych metod i rezultat\u00f3w uzyskanych podczas wcze\u015bniejszych konkurs\u00f3w. Program i miejsce og\u0142aszane jest w <a href=\"http:\/\/www.e-rihs.pl\/index.php\/aktualnosci\/\" target=\"_blank\" rel=\"noopener\">Aktualno\u015bciach<\/a>.<\/p>\n<p style=\"text-align: justify;\"><strong>Czynne Platformy badawcze:<\/strong><\/p>\n<ul>\n<li style=\"text-align: justify;\"><strong>MOLAB_PL<\/strong>: umo\u017cliwia dost\u0119p dysponentom dzie\u0142a sztuki do najwy\u017cszej klasy aparatury badawczej, przy czym badanie realizowane jest w miejscu przechowywania obiektu przez mobilny zesp\u00f3\u0142 badawczy,<\/li>\n<li style=\"text-align: justify;\"><strong>FIXLAB_PL<\/strong>: umo\u017cliwia dost\u0119p do aparatury badawczej niepodlegaj\u0105cej przemieszczaniu &#8211; badanie zlokalizowane jest w miejscu instalacji aparatury,<\/li>\n<li style=\"text-align: justify;\"><strong>DIGILAB_PL<\/strong>: nowouruchomiona platforma cyfrowa umo\u017cliwiaj\u0105ca\u00a0dost\u0119p do infrastruktury informatycznej Konsorcjum, w szczeg\u00f3lno\u015bci do specjalistycznych procedur i narz\u0119dzi opracowanych na potrzeby instytucji kultury oraz ekspertyz opracowywanych przez partner\u00f3w Konsorcjum a zwi\u0105zanych z informatyzacj\u0105 i ochron\u0105 dziedzictwa kultury oraz zarz\u0105dzaniem tym zasobem.<\/li>\n<\/ul>\n<p style=\"text-align: justify;\"><strong>Aktualnie oferowana infrastruktura badawcza<\/strong> &#8211; <em>DIB: dysponent infrastruktury badawczej<\/em><\/p>\n<p style=\"text-align: justify;\"><strong>MOLAB_PL\/FIXLAB_PL<\/strong> (badanie mo\u017cliwe w miejscu przechowywania obiektu lub w laboratorium)<\/p>\n<ul style=\"text-align: justify;\">\n<li><a href=\"http:\/\/www.e-rihs.pl\/index.php\/metoda-cyfrowej-korelacji-obrazu-do-polowych-pomiarow-przemieszczen-i-odksztalcen\/\" target=\"_blank\" rel=\"noopener\">Metoda Cyfrowej korelacji obrazu do polowych pomiar\u00f3w przemieszcze\u0144 i odkszta\u0142ce\u0144<\/a> \u2013 DIB: PW<\/li>\n<li><a href=\"http:\/\/www.e-rihs.pl\/index.php\/emisja-akustyczna\/\" target=\"_blank\" rel=\"noopener\">Emisja akustyczna<\/a> \u2013 DIB: IKiFP<\/li>\n<li><a href=\"www.e-rihs.pl\/index.php\/mikro-fluorescencja-rentgenowska-artax-800\/\" target=\"_blank\" rel=\"noopener\">Fluorescencja rentgenowska (Artax 800)<\/a> \u2013 DIB: MNK-LANBOZ<\/li>\n<li><a href=\"http:\/\/www.e-rihs.pl\/index.php\/fluorescencja-rentgenowska-xrf\/\" target=\"_blank\" rel=\"noopener\">Fluorescencja rentgenowska pXRF (Titan, Tracer, SPECTROxSORT)<\/a>\u00a0\u2013 DIB: MNK-LANBOZ, UW, ASP-Krak\u00f3w, AGH<\/li>\n<li><a href=\"http:\/\/www.e-rihs.pl\/index.php\/fotografia-z-zastosowaniem-roznych-zrodel-promieniowania-elektromagnetycznego\/\" target=\"_blank\" rel=\"noopener\">Fotografia w \u015bwiat\u0142ach analitycznych (UV, IR)<\/a>\u00a0\u2013 DIB: MNK-LANBOZ, AGH, ASP-Krak\u00f3w, UMK<\/li>\n<li><a href=\"http:\/\/www.e-rihs.pl\/index.php\/interferometria-plamkowa\/\" target=\"_blank\" rel=\"noopener\">Interferometria plamkowa<\/a> \u2013 DIB: IKiFP<\/li>\n<li><a href=\"http:\/\/www.e-rihs.pl\/index.php\/komplementarne-techniki-spektroskopii-laserowej-do-analiz-materialowych-mikro-raman-lif-libs\/\" target=\"_blank\" rel=\"noopener\">Komplementarne techniki spektroskopii laserowej do analiz materia\u0142owych<\/a> (mikro-Raman, LIF, LIBS) \u2013 DIB: IMP PAN<\/li>\n<li><a href=\"http:\/\/www.e-rihs.pl\/index.php\/naziemny-skaning-laserowy-architektury-i-zabytkow-wielkogabarytowych\/\" target=\"_blank\" rel=\"noopener\">Naziemny skaning laserowy TLS (Terrestrial Laser Scanning) architektury i zabytk\u00f3w wielkogabarytowych<\/a> \u2013\u00a0DIB: UJ, PCSS-IChB PAN<\/li>\n<li><a href=\"http:\/\/www.e-rihs.pl\/index.php\/mikrofedometria-microfade-testing-mft\/\" target=\"_blank\" rel=\"noopener\">Mikrofedometria<\/a> \u2013 DIB: AGH<\/li>\n<li><a href=\"http:\/\/www.e-rihs.pl\/index.php\/obrazowanie-multispektralne\/\" target=\"_blank\" rel=\"noopener\">Obrazowanie multispektralne<\/a> &#8211; DIB: AGH<\/li>\n<li><a href=\"http:\/\/www.e-rihs.pl\/index.php\/optyczna-koherencyjna-tomografia\/\" target=\"_blank\" rel=\"noopener\">Optyczna Koherencyjna Tomografia OCT<\/a> \u2013 DIB: UMK<\/li>\n<li><a href=\"http:\/\/www.e-rihs.pl\/index.php\/skanowanie-laserowe-terenu-z-bezzalogowego-statku-powietrznego\/\" target=\"_blank\" rel=\"noopener\">Skanowanie laserowe terenu z bezza\u0142ogowego statku powietrznego<\/a> \u2013 DIB: PW,\u00a0PCSS-IChB PAN<\/li>\n<li><a href=\"http:\/\/www.e-rihs.pl\/index.php\/spectroskopia-refleksyjna-w-podczerwieni-ftir\/\" target=\"_blank\" rel=\"noopener\">Spektroskopia refleksyjna w podczerwieni (FTIR)<\/a>\u00a0\u2013 DIB: ASP-Krak\u00f3w<\/li>\n<li><a href=\"http:\/\/www.e-rihs.pl\/index.php\/system-laserowego-oczyszczenia-z-ew-monitoringiem-technikami-spektroskopowymi\/\" target=\"_blank\" rel=\"noopener\">System laserowego oczyszczenia z ewentualnym monitoringiem technikami spektroskopowymi<\/a> \u2013 DIB: IMP PAN<\/li>\n<li><a href=\"http:\/\/www.e-rihs.pl\/index.php\/wielomianowe-mapy-tekstury\/\" target=\"_blank\" rel=\"noopener\">Wielomianowe mapy Tekstury (PTM albo RTI)<\/a> \u2013 DIB:\u00a0AGH<\/li>\n<li><a href=\"http:\/\/www.e-rihs.pl\/index.php\/wysokorozdzielcza-reflektografia-w-podczerwieni-w-pasmie-900-1700-nm\/\" target=\"_blank\" rel=\"noopener\">Wysokorozdzielcza reflektografia w podczerwieni w pasmie 900 \u2013 1700 nm<\/a> &#8211; DIB: UMK<\/li>\n<\/ul>\n<p style=\"text-align: justify;\"><strong>FIXLAB_PL<\/strong> (badanie mo\u017cliwe jedynie w laboratorium)<\/p>\n<ul style=\"text-align: justify;\">\n<li style=\"list-style-type: none;\">\n<ul style=\"text-align: justify;\">\n<li style=\"list-style-type: none;\">\n<ul style=\"text-align: justify;\">\n<li style=\"list-style-type: none;\">\n<ul style=\"text-align: justify;\">\n<li style=\"list-style-type: none;\">\n<ul>\n<li style=\"list-style-type: none;\">\n<ul><!--\n \t\n\n<li style=\"text-align: justify;\"><a href=\"http:\/\/www.e-rihs.pl\/index.php\/badanie-wlasnosci-mechanicznych-maszyna-wytrzymalosciowa-utm\/\" target=\"_blank\" rel=\"noopener\">Badania wytrzyma\u0142o\u015bciowe <\/a>\u2013 DIB: MNK-LANBOZ<\/li>\n\n\n--><\/ul>\n<\/li>\n<\/ul>\n<\/li>\n<\/ul>\n<\/li>\n<\/ul>\n<\/li>\n<\/ul>\n<\/li>\n<li><a href=\"http:\/\/www.e-rihs.pl\/index.php\/analiza-procesow-korozyjnych-w-materialach-metalicznych\/\" target=\"_blank\" rel=\"noopener\">Analiza proces\u00f3w korozyjnych w materia\u0142ach metalicznych<\/a>\u00a0&#8211; DIB: PW<\/li>\n<li><a href=\"http:\/\/www.e-rihs.pl\/index.php\/analiza-skladu-pierwiastkowego-w-mikroobszarach-libs\/\" target=\"_blank\" rel=\"noopener\">Analiza sk\u0142adu pierwiastkowego w mikroobszarach (LIBS)<\/a> &#8211; DIB: AGH<\/li>\n<li><a href=\"http:\/\/www.e-rihs.pl\/index.php\/chromatografia-gazowa-spektrometria-mas-gc-ms\/\" target=\"_blank\" rel=\"noopener\">Chromatografia gazowa &#8211; spektrometria mas (GC-MS)<\/a> w zastosowaniu do bada\u0144 aktywno\u015bci metabolicznej grzyb\u00f3w powoduj\u0105cych niszczenie obiekt\u00f3w zabytkowych oraz bada\u0144 lotnych wska\u017anik\u00f3w post\u0119pu degradacji obiekt\u00f3w zabytkowych\u00a0\u2013 DIB: UEK<\/li>\n<li style=\"text-align: justify;\"><a href=\"http:\/\/www.e-rihs.pl\/index.php\/chromatografia-gazowa-sprzezona-ze-spektrometria-mas-gc-ms\/\" target=\"_blank\" rel=\"noopener\">Chromatografia gazowa sprz\u0119\u017cona ze spektrometri\u0105 mas (GC-MS)<\/a>\u00a0w zastosowaniu do bada\u0144 spoiw oraz identyfikacji zwi\u0105zk\u00f3w organicznych stosowanych w dzie\u0142ach sztuki.\u2013 DIB: UWr<\/li>\n<li style=\"text-align: justify;\"><a href=\"http:\/\/www.e-rihs.pl\/index.php\/chromatografia-wykluczania-zelowa-sec\/\" target=\"_blank\" rel=\"noopener\">Chromatografia wykluczania (\u017celowa, SEC) <\/a>&#8211; DIB: UJ<\/li>\n<li style=\"text-align: justify;\"><a href=\"http:\/\/www.e-rihs.pl\/index.php\/techniki-akceleratorowe-wiazka-elektronow\/\" target=\"_blank\" rel=\"noopener\">Dekontaminacja z wykorzystaniem wi\u0105zki elektron\u00f3w<\/a> \u2013 DIB: ICHTJ<\/li>\n<li style=\"text-align: justify;\"><a href=\"http:\/\/www.e-rihs.pl\/index.php\/fluorescencja-rentgenowska-xrf\/elektronowy-rezonas-paramegnetyczny-epr\/\" target=\"_blank\" rel=\"noopener\">Elektronowy Rezonas Paramegnetyczny (EPR)<\/a> \u2013 DIB: UJ<\/li>\n<li style=\"text-align: justify;\"><a href=\"http:\/\/www.e-rihs.pl\/index.php\/identyfikacja-pochodzenia-gatunkowego-historycznych-skor-i-pergaminow\/\" target=\"_blank\" rel=\"noopener\">Identyfikacja pochodzenia gatunkowego\u00a0sk\u00f3r i pergamin\u00f3w<\/a> \u2013 DIB: UEK<\/li>\n<li style=\"text-align: justify;\"><a href=\"http:\/\/www.e-rihs.pl\/index.php\/identyfikacja-zagrozenia-mikrobiologicznego\/\" target=\"_blank\" rel=\"noopener\">Identyfikacja zagro\u017cenia mikrobiologicznego <\/a>\u2013 DIB: UEK<\/li>\n<li style=\"text-align: justify;\"><a href=\"http:\/\/www.e-rihs.pl\/index.php\/makro-fluorescencja-rentgenowska-makro-xrf\/\" target=\"_blank\" rel=\"noopener\">Makrofluorescencja rentgenowska<\/a> \u2013 DIB: ASP-Krak\u00f3w, UMK<\/li>\n<li style=\"text-align: justify;\"><a href=\"http:\/\/www.e-rihs.pl\/index.php\/mikroskopia-vis-z-analiza-libs\/\" target=\"_blank\" rel=\"noopener\">Mikroskopia VIS z analiz\u0105 LIBS<\/a> &#8211; DIB: AGH<\/li>\n<li style=\"text-align: justify;\"><a href=\"http:\/\/www.e-rihs.pl\/index.php\/mikroskop-uv\/\" target=\"_blank\" rel=\"noopener\">Mikroskopia UV<\/a> \u2013 DIB: MNK-LANBOZ, UMK<\/li>\n<li style=\"text-align: justify;\"><a href=\"http:\/\/www.e-rihs.pl\/index.php\/neutronowa-analiza-aktywacyjna\/\" target=\"_blank\" rel=\"noopener\">Neutronowa Analiza Aktywacyjna INAA<\/a> \u2013 DIB: ICHTJ<\/li>\n<li style=\"text-align: justify;\"><a href=\"http:\/\/www.e-rihs.pl\/index.php\/nieniszczaca-analiza-skladu-chemicznego-metali-i-stopow-ed-xrf\/\" target=\"_blank\" rel=\"noopener\">Nieniszcz\u0105ca analiza sk\u0142adu chemicznego metali i stop\u00f3w (ED-XRF)<\/a> &#8211; DIB: AGH<\/li>\n<li style=\"text-align: justify;\"><a href=\"http:\/\/www.e-rihs.pl\/index.php\/radiacyjna-konsolidacja-ostatnia-deska-ratunku-w-konserwacji-obiektow-o-znaczeniu-historycznym\/\" target=\"_blank\" rel=\"noopener\">Radiacyjna konsolidacja<\/a> \u2013 DIB: ICHTJ<\/li>\n<li style=\"text-align: justify;\"><a href=\"http:\/\/www.e-rihs.pl\/index.php\/radiografia-cyfrowa-rtg\/\" target=\"_blank\" rel=\"noopener\">Radiografia cyfrowa RTG\u00a0<\/a>\u2013 DIB: MNK-LANBOZ, ASP-Krak\u00f3w<\/li>\n<li style=\"text-align: justify;\"><a href=\"http:\/\/www.e-rihs.pl\/index.php\/rentgenowska-dyfraktometria-proszkowa-xrpd\/\" target=\"_blank\" rel=\"noopener\">Rentgenowska Dyfraktometria Proszkowa (XRPD)<\/a>\u00a0&#8211; DIB: UJ<\/li>\n<li style=\"text-align: justify;\"><a href=\"https:\/\/www.e-rihs.pl\/index.php\/rentgenowska-dyfraktometria-proszkowa-pxrd\/\" target=\"_blank\" rel=\"noopener\">Rentgenowska Dyfraktometria Proszkowa (PXRD)<\/a> &#8211; DIB: AGH<\/li>\n<li style=\"text-align: justify;\"><a href=\"http:\/\/www.e-rihs.pl\/index.php\/analiza-struktury-oparta-na-tomografii-komputerowej-tk\/\" target=\"_blank\" rel=\"noopener\">Rentgenowska Tomografia Komputerowa (\u03bcCT)<\/a> &#8211; DIB: AGH<\/li>\n<li style=\"text-align: justify;\"><a href=\"http:\/\/www.e-rihs.pl\/index.php\/sem-eds-2\/\" target=\"_blank\" rel=\"noopener\">Skaningowa mikroskopia elektronowa ze spektrometri\u0105 dyspersji energii SEM-EDS<\/a> \u2013 DIB: ICHTJ<\/li>\n<li style=\"text-align: justify;\"><a href=\"http:\/\/www.e-rihs.pl\/index.php\/sem-eds-2\/skaningowa-mikroskopia-elektronowa-z-analizatorem-eds-uwr\/\" target=\"_blank\" rel=\"noopener\">Skaningowa mikroskopia elektronowa ze spektrometri\u0105 dyspersji energii SEM-EDS<\/a> \u2013 DIB: UWr, ASP-Krak\u00f3w<\/li>\n<li style=\"text-align: justify;\"><a href=\"http:\/\/www.e-rihs.pl\/index.php\/skaningowa-mikroskopia-elektronowa-z-mikroanalizatorem-eds-uw\/\" target=\"_blank\" rel=\"noopener\">Skaningowa mikroskopia elektronowa z mikroanalizatorem EDS<\/a>\u00a0&#8211; DIB: UW<\/li>\n<li style=\"text-align: justify;\"><a href=\"http:\/\/www.e-rihs.pl\/index.php\/skaningowa-mikroskopia-elektronowa-z-analizatorem-dyspersji-energii-sem-eds\/\" target=\"_blank\" rel=\"noopener\">Skaningowa mikroskopia elektronowa z analizatorem dyspersji energii SEM-EDS<\/a> &#8211; DIB: AGH<\/li>\n<li style=\"text-align: justify;\"><a href=\"http:\/\/www.e-rihs.pl\/index.php\/la-icp-ms-spektrometria-mas-z-jonizacja-w-plazmie-indukcyjnie-sprzezonej-po-ablacji-laserowej\/\" target=\"_blank\" rel=\"noopener\">Spektrometria mas z jonizacj\u0105 w plazmie indukcyjnie sprz\u0119\u017conej po ablacji laserowej LA-ICP-MS<\/a> \u2013 DIB: UW<\/li>\n<li style=\"text-align: justify;\"><a href=\"http:\/\/www.e-rihs.pl\/index.php\/spektrometria-mas-ze-wzbudzeniem-w-plazmie-indukcyjnie-sprzezonej\/\" target=\"_blank\" rel=\"noopener\">Spektrometria mas ze wzbudzeniem w plazmie indukcyjnie sprz\u0119\u017conej ICP-MS<\/a>\u00a0\u2013 DIB: ICHTJ<\/li>\n<li style=\"text-align: justify;\"><a href=\"http:\/\/www.e-rihs.pl\/index.php\/badanie-skladu-chemicznego-spektroskopia-w-zakresie-podczerwieni-ftir\/\" target=\"_blank\" rel=\"noopener\">Spektroskopia w zakresie podczerwieni FTIR<\/a> \u2013 DIB: MNK-LANBOZ, UWr, ASP w Krakowie<\/li>\n<li style=\"text-align: justify;\"><a href=\"http:\/\/www.e-rihs.pl\/index.php\/badanie-skladu-chemicznego-spektroskopia-ramana\/\" target=\"_blank\" rel=\"noopener\">Spektroskopia Ramana<\/a> \u2013 DIB: MNK-LANBOZ, UWr, IMP PAN<\/li>\n<li style=\"text-align: justify;\"><a href=\"http:\/\/www.e-rihs.pl\/index.php\/badanie-skladu-chemicznego-mikrospektroskopia-ramana\/\" target=\"_blank\" rel=\"noopener\">(Mikro)spektroskopia Ramana<\/a>\u00a0\u2013 DIB: PW<\/li>\n<li style=\"text-align: justify;\"><a href=\"http:\/\/www.e-rihs.pl\/index.php\/radiografia-i-tomografia-rentgenowska\/\" target=\"_blank\" rel=\"noopener\">Radiografia i tomografia rentgenowska<\/a> \u2013 DIB: NCBJ<\/li>\n<li style=\"text-align: justify;\"><a href=\"http:\/\/www.e-rihs.pl\/index.php\/wysokosprawna-chromatografia-cieczowa-polaczona-z-detektorem-spektrofotometrycznym-i-detektorem-spektrometrii-mas-z-jonizacja-poprzez-elektrorozpraszanie\/\" target=\"_blank\" rel=\"noopener\">Chromatografia cieczowa z tandemow\u0105 spektrometri\u0105 mas (LC-MS\/MS) \u2013 do identyfikowania barwnik\u00f3w organicznych<\/a> \u2013 DIB: PW<\/li>\n<li style=\"text-align: justify;\"><a href=\"http:\/\/www.e-rihs.pl\/index.php\/zautomatyzowany-system-dokumentacji-3d-zsd3d\/\" target=\"_blank\" rel=\"noopener\">Zautomatyzowany system dokumentacji 3D<\/a> \u2013 DIB: PW<\/li>\n<\/ul>\n<p><strong>DIGILAB_PL<\/strong><\/p>\n<ul style=\"text-align: justify;\">\n<li><a href=\"https:\/\/herie.pl\/\" target=\"_blank\" rel=\"noopener\">HERIe \u2013 platforma prewencji konserwatorskiej wspieraj\u0105ca podejmowanie decyz<\/a>ji\u00a0\u2013 DIB:\u00a0IKiFP PAN:\n<ul>\n<li>Oferta szkole\u0144 dla instytucji &#8211; termin zg\u0142aszania jak dla Naboru wniosk\u00f3w MOLAB i FIXLAB: <a href=\"https:\/\/fizyka.umk.pl\/~erihs\/wp-content\/uploads\/2016\/05\/formularz-szkolenie_HERIe-2025.docx\" target=\"_blank\" rel=\"noopener\">specjalny formularz zg\u0142oszeniowy HERIe<\/a><\/li>\n<li>Zg\u0142oszenie problemu\/pytania w zwi\u0105zku z korzystaniem z aplikacji HERIE &#8211; w dowolnym czasie &#8211; <a href=\"https:\/\/fizyka.umk.pl\/~erihs\/wp-content\/uploads\/2016\/05\/formularz-zgloszenie-problemu_HERIe-2025.docx\">specjalny formularz zg\u0142oszeniowy HERIe<\/a><\/li>\n<\/ul>\n<\/li>\n<li><a href=\"http:\/\/www.e-rihs.pl\/index.php\/konsulting-i-wsparcie-procesow-digitalizacji-w-instytucjach-glam\/\" target=\"_blank\" rel=\"noopener\">Pilota\u017cowa digitalizacja nietypowych lub szczeg\u00f3lnie cennych obiekt\u00f3w<\/a>\u00a0\u2013 DIB:\u00a0UWr &#8211; <a href=\"https:\/\/fizyka.umk.pl\/~erihs\/wp-content\/uploads\/2016\/05\/Formularz-DIGILAB-2025.docx\" target=\"_blank\" rel=\"noopener\">specjalny formularz zg\u0142oszeniowy DIGILAB<\/a><\/li>\n<li><a href=\"http:\/\/www.e-rihs.pl\/index.php\/konsulting-i-wsparcie-procesow-digitalizacji-w-instytucjach-glam\/\" target=\"_blank\" rel=\"noopener\">Wst\u0119pna analiza specyfiki zasob\u00f3w instytucji pod k\u0105tem ich digitalizacji<\/a>\u00a0\u00a0\u2013 DIB:\u00a0UWr\u00a0&#8211;\u00a0<a href=\"https:\/\/fizyka.umk.pl\/~erihs\/wp-content\/uploads\/2016\/05\/Formularz-DIGILAB-2025.docx\" target=\"_blank\" rel=\"noopener\">specjalny formularz zg\u0142oszeniowy DIGILAB<\/a><\/li>\n<\/ul>\n<p><a name=\"zasady\"><\/a><br \/>\n<strong>Zasady dost\u0119pu:<\/strong><\/p>\n<p style=\"text-align: justify;\">Oferta niniejsza aktualnie ma charakter \u201ein-kind\u201d i jako taka jest finansowana wy\u0142\u0105cznie przez partner\u00f3w Konsorcjum ze \u015brodk\u00f3w w\u0142asnych i jest w istocie wsp\u00f3lnym projektem naukowo-badawczym dysponenta infrastruktur\u0105 badawcz\u0105 (<strong>DIB<\/strong>) i <strong>Beneficjenta <\/strong>(dysponenta obiektu, kt\u00f3rego wniosek zosta\u0142 przyjety do realizacji). Konsorcjum, celem powi\u0119kszenia oferty badawczej i finasowania dojazdu do obiekt\u00f3w w trybie MOLAB, ubiega si\u0119 o finasowanie zewn\u0119trzne. Nale\u017cy podkre\u015blic, \u017ce wyniki uzyskane w ramch bezp\u0142atnego dostepu do infrastruktury Konsorcjum nie mog\u0105 by\u0107 wykorzystane komercyjnie przez Benmficjenta w \u017cadnej formie.<\/p>\n<p style=\"text-align: justify;\">Przed z\u0142o\u017ceniem <a href=\"http:\/\/www.e-rihs.pl\/wp-content\/uploads\/2018\/05\/formularz-MOLAB-FIXLAB-3ci-konkurs.docx\" target=\"_blank\" rel=\"noopener\">wniosku<\/a>, potencjalny kierownik projektu i dysponent obiektu powinni zapozna\u0107 si\u0119 i zaakceptowa\u0107 <a href=\"https:\/\/fizyka.umk.pl\/~erihs\/wp-content\/uploads\/2018\/05\/regulamin-MOLAB_FIXLAB-PL.pdf\" target=\"_blank\" rel=\"noopener\">Regulamin naboru wniosk\u00f3w<\/a>.<\/p>\n<p>W skr\u00f3cie, wsp\u00f3\u0142praca ta opiera si\u0119 na nast\u0119puj\u0105cych zasadach:<\/p>\n<ul style=\"text-align: justify;\">\n<li style=\"text-align: justify;\">Zg\u0142aszaj\u0105cym projekt moze by\u0107 ka\u017cda instytucja publiczna, fundacja non-profit, ko\u015bci\u00f3\u0142 lub zwi\u0105zek wyznaniowy albo organizacja pozarz\u0105dowa maj\u0105ce swoj\u0105 siedzib\u0119 na terenie Rzeczypospolitej Polskiej i b\u0119d\u0105ce w\u0142a\u015bcicielem albo trwa\u0142ym dysponentem obiektu zabytkowego, kt\u00f3rego dotyczy wniosek<\/li>\n<li style=\"text-align: justify;\">DIB przeznacza nie mniej ni\u017c pi\u0119\u0107 dni roboczych w roku na prac\u0119 na rzecz projekt\u00f3w MOLAB_PL, FIXLAB_PL oraz DIGILAB_PL<\/li>\n<li style=\"text-align: justify;\">DIB nie obci\u0105\u017cy\u00a0Benficjenta \u017cadnymi kosztami z tytu\u0142u eksploatacji infrastruktury (w tym osobowymi) w ramach przydzielonego czasu dost\u0119pu.<\/li>\n<li style=\"text-align: justify;\">Dost\u0119p do infrastruktury b\u0119dzie przyznany w wyniku oceny projekt\u00f3w badawczych. Projekt sporz\u0105dza i sk\u0142ada dysponnet obiektu\u00a0za pomoc\u0105 <a href=\"https:\/\/fizyka.umk.pl\/~erihs\/wp-content\/uploads\/2019\/05\/formularz-MOLAB-FIXLAB-Aktualny.docx\" target=\"_blank\" rel=\"noopener\">formularza wniosku<\/a> w konkursie MOLAB-FIXLAB dost\u0119pnego ze stron E-RIHS PL.<\/li>\n<li style=\"text-align: justify;\">Projekty obj\u0119te Naborem krajowym wniosk\u00f3w musz\u0105 dotyczy\u0107:\n<ul>\n<li style=\"text-align: justify;\">problem\u00f3w bezpo\u015brednio zwi\u0105zanych z ochron\u0105 konserwatorsk\u0105 obiekt\u00f3w, tzn. s\u0142u\u017cy\u0107 ocenie stanu zachowania, planowaniu dzia\u0142a\u0144 restauratorsko\/konserwatorskich, ustaleniu w\u0142a\u015bciwych warunk\u00f3w przechowywania.<\/li>\n<li style=\"text-align: justify;\">rutynowej diagnostyki obiektu: ustalenia sk\u0142adu chemicznego materia\u0142\u00f3w, budowy warstw, identyfikacji struktur nieoryginalnych.<\/li>\n<\/ul>\n<\/li>\n<li style=\"text-align: justify;\">Termin sk\u0142adania wniosk\u00f3w i zakres dost\u0119pnej infrastruktury oraz wynik konkursu b\u0119dzie ka\u017cdorazowo og\u0142aszany na stronach E-RIHS PL.<\/li>\n<li style=\"text-align: justify;\">Beneficjent\u00a0otrzymuje kompletny raport z bada\u0144 i wsp\u00f3lnie z DIB ustala form\u0119 ich wykorzystania (publikacji) z zachowaniem praw autorskich obu stron.<\/li>\n<li style=\"text-align: justify;\">Uzyskanie wszelkich niezb\u0119dnych zezwole\u0144 w\u0142a\u015bciciela obiektu na badania, publikacje wynik\u00f3w i ewentualnie na transport jest obowi\u0105zkiem Beneficjenta.<\/li>\n<li style=\"text-align: justify;\">W przpadku obiekt\u00f3w wpisanych do rejestru zabytk\u00f3w podlegajacych nadzorowi Wojew\u00f3dzkiego Urz\u0119du\u00a0Ochrony Zabytk\u00f3w obowi\u0105zkiem Beneficjenta jest uzyskanie zgody na badania (po zatwierdzeniu wniosku, o ile jest to wymagane prawem ).<\/li>\n<li style=\"text-align: justify;\">Transport obiektu do infrastruktury FIXLAB odbywa si\u0119 na koszt i ryzyko Benficjenta.<\/li>\n<li style=\"text-align: justify;\">Zmierzamy do tego, aby wyjazdy w trybie MOLAB_PL oraz nie wymagaj\u0105ce transportu obiektu w trybie FIXLAB_PL by\u0142y teraz finansowane\u00a0przez Konsorcjum. Niemniej, ostateczne decyzje w sprawie finasowania naboru krajowego jeszcze nie zapad\u0142y i wymagaj\u0105 dalszych konsultacji z MNiSW.\u00a0Beneficjent i DIB mog\u0105 wsp\u00f3lnie uzgodni\u0107, \u017ce badanie b\u0119dzie odbywa\u0107 si\u0119 w trybie FIXLAB \u2013 w siedzibie DIB.<\/li>\n<li style=\"text-align: justify;\">We wszelkich publikacjach bed\u0105cych rezultatem bada\u0144 Beneficjent jest obowi\u0105zany wskaza\u0107 E-RIHS.pl jako wykonawc\u0119 prac. W przypadku bada\u0144 wsp\u00f3lfinasowanych pzrez podmiot zewn\u0119trzny, fakt ten powinien byc r\u00f3wniez uwidoczniony w publikacjach. Szczeg\u00f3\u0142owe formu\u0142y zawiera <a href=\"https:\/\/fizyka.umk.pl\/~erihs\/wp-content\/uploads\/2018\/05\/regulamin-MOLAB_FIXLAB-PL.pdf\">Regulamain<\/a>.<\/li>\n<\/ul>\n<p><!--\n \t\n\n<li style=\"text-align: justify;\"><a href=\"http:\/\/www.e-rihs.pl\/index.php\/multimodalna-glowica-pomiarowa-do-obrazowania-geometrii-3d-oraz-katowej-i-widmowej-charakterystyki-rozproszenia-oraz-barwy\/\" target=\"_blank\" rel=\"noopener\">Obrazowane geometrii 3D oraz k\u0105towej i widmowej charakterystyki rozproszenia oraz barwy<\/a> \u2013 DIB: PW<\/li>\n\n\n--><\/p>\n<p>&nbsp;<\/p>\n","protected":false},"excerpt":{"rendered":"<p>E-RIHS PL poprzez swoje\u00a0Platformy badawcze\u00a0oferuje zainteresowanym instytucjom kultury i nauki spoza Konsorcjum dost\u0119p do infrastruktury Konsorcjum. Dost\u0119p do infrastruktury jest\u00a0bezp\u0142atny\u00a0i odbywa si\u0119 na podstawie wewn\u0119trznego naboru projekt\u00f3w badawczych. Zasady dost\u0119pu. Nab\u00f3r wniosk\u00f3w odbywa si\u0119 raz w roku &#8211; aktualna data &hellip; <a href=\"https:\/\/www.e-rihs.pl\/index.php\/nasza-oferta\/\">Czytaj dalej <span class=\"meta-nav\">&rarr;<\/span><\/a><\/p>\n","protected":false},"author":1,"featured_media":0,"parent":0,"menu_order":0,"comment_status":"closed","ping_status":"closed","template":"","meta":[],"_links":{"self":[{"href":"https:\/\/www.e-rihs.pl\/index.php\/wp-json\/wp\/v2\/pages\/8"}],"collection":[{"href":"https:\/\/www.e-rihs.pl\/index.php\/wp-json\/wp\/v2\/pages"}],"about":[{"href":"https:\/\/www.e-rihs.pl\/index.php\/wp-json\/wp\/v2\/types\/page"}],"author":[{"embeddable":true,"href":"https:\/\/www.e-rihs.pl\/index.php\/wp-json\/wp\/v2\/users\/1"}],"replies":[{"embeddable":true,"href":"https:\/\/www.e-rihs.pl\/index.php\/wp-json\/wp\/v2\/comments?post=8"}],"version-history":[{"count":4,"href":"https:\/\/www.e-rihs.pl\/index.php\/wp-json\/wp\/v2\/pages\/8\/revisions"}],"predecessor-version":[{"id":3422,"href":"https:\/\/www.e-rihs.pl\/index.php\/wp-json\/wp\/v2\/pages\/8\/revisions\/3422"}],"wp:attachment":[{"href":"https:\/\/www.e-rihs.pl\/index.php\/wp-json\/wp\/v2\/media?parent=8"}],"curies":[{"name":"wp","href":"https:\/\/api.w.org\/{rel}","templated":true}]}}